{"id":2022,"date":"2011-05-25T23:29:32","date_gmt":"2011-05-25T21:29:32","guid":{"rendered":"http:\/\/www.trachtenverband-unterfranken.de\/?page_id=2022"},"modified":"2022-09-15T04:05:34","modified_gmt":"2022-09-15T02:05:34","slug":"dokumentationen","status":"publish","type":"page","link":"https:\/\/www.trachtenverband-unterfranken.de\/?page_id=2022","title":{"rendered":"Dokumentationen"},"content":{"rendered":"<p><a href=\"https:\/\/www.trachtenverband-unterfranken.de\/wp-content\/uploads\/2011\/05\/Ehrenantrag-Trachtenverband-Unterfranken.pdf\" target=\"_blank\" rel=\"noopener\">Ehrenantrag (pdf)<\/a><\/p>\n<p><a href=\"https:\/\/www.trachtenverband-unterfranken.de\/wp-content\/uploads\/2011\/05\/Ehrenordnung.pdf\" target=\"_blank\" rel=\"noopener\">Ehrenordnung<\/a><\/p>\n<p><a href=\"https:\/\/www.trachtenverband-unterfranken.de\/wp-content\/uploads\/2011\/05\/Handzettel-TVU.2012.pdf\" target=\"_blank\" rel=\"noopener\">Faltblatt<\/a><\/p>\n<p><a href=\"https:\/\/www.trachtenverband-unterfranken.de\/wp-content\/uploads\/2011\/05\/Liste-der-bisherigen-Bezirks-und-Gaufeste-Stand-05-20121.pdf\">Liste der bisherigen Bezirks und Gaufeste Stand 05-2012<\/a><\/p>\n<p>Tanzbeschreibungen (pdf)<\/p>\n<hr \/>\n<p><strong>Holzh\u00e4user<\/strong><\/p>\n<p><a href=\"https:\/\/www.trachtenverband-unterfranken.de\/wp-content\/uploads\/2016\/04\/Holzh%C3%A4user-Noten.pdf\" rel=\"\">Holzh\u00e4user Noten.pdf<\/a><\/p>\n<p><a href=\"https:\/\/www.trachtenverband-unterfranken.de\/wp-content\/uploads\/2016\/04\/Holzh%C3%A4user-Tanzbeschreibung.doc\" rel=\"\">Holzh\u00e4user Tanzbeschreibung.doc<\/a><\/p>\n<p><a href=\"https:\/\/www.trachtenverband-unterfranken.de\/wp-content\/uploads\/2016\/04\/Holzhaeuser.mp3\">Holzh\u00e4user.mp3<\/a><\/p>\n<p><a href=\"https:\/\/www.trachtenverband-unterfranken.de\/wp-content\/uploads\/2016\/04\/Mein-Film.mp4\">Video<\/a><\/p>\n","protected":false},"excerpt":{"rendered":"<p>Ehrenantrag (pdf) Ehrenordnung Faltblatt Liste der bisherigen Bezirks und Gaufeste Stand 05-2012 Tanzbeschreibungen (pdf) Holzh\u00e4user Holzh\u00e4user Noten.pdf Holzh\u00e4user Tanzbeschreibung.doc Holzh\u00e4user.mp3 Video<\/p>\n","protected":false},"author":1,"featured_media":0,"parent":0,"menu_order":2,"comment_status":"closed","ping_status":"closed","template":"","meta":{"footnotes":""},"_links":{"self":[{"href":"https:\/\/www.trachtenverband-unterfranken.de\/index.php?rest_route=\/wp\/v2\/pages\/2022"}],"collection":[{"href":"https:\/\/www.trachtenverband-unterfranken.de\/index.php?rest_route=\/wp\/v2\/pages"}],"about":[{"href":"https:\/\/www.trachtenverband-unterfranken.de\/index.php?rest_route=\/wp\/v2\/types\/page"}],"author":[{"embeddable":true,"href":"https:\/\/www.trachtenverband-unterfranken.de\/index.php?rest_route=\/wp\/v2\/users\/1"}],"replies":[{"embeddable":true,"href":"https:\/\/www.trachtenverband-unterfranken.de\/index.php?rest_route=%2Fwp%2Fv2%2Fcomments&post=2022"}],"version-history":[{"count":26,"href":"https:\/\/www.trachtenverband-unterfranken.de\/index.php?rest_route=\/wp\/v2\/pages\/2022\/revisions"}],"predecessor-version":[{"id":5892,"href":"https:\/\/www.trachtenverband-unterfranken.de\/index.php?rest_route=\/wp\/v2\/pages\/2022\/revisions\/5892"}],"wp:attachment":[{"href":"https:\/\/www.trachtenverband-unterfranken.de\/index.php?rest_route=%2Fwp%2Fv2%2Fmedia&parent=2022"}],"curies":[{"name":"wp","href":"https:\/\/api.w.org\/{rel}","templated":true}]}}