{"id":660,"date":"2009-03-01T16:45:31","date_gmt":"2009-03-01T15:45:31","guid":{"rendered":"http:\/\/trachtenverband-unterfranken.de\/wordpress\/?page_id=3"},"modified":"2018-08-06T22:48:50","modified_gmt":"2018-08-06T20:48:50","slug":"verein","status":"publish","type":"page","link":"https:\/\/www.trachtenverband-unterfranken.de\/?page_id=660","title":{"rendered":"Unser Gau"},"content":{"rendered":"<p>Wir sind der 22. Gauverband im Bayerischen Trachtenverband e. V. Gegr\u00fcndet wurden wir 1947 und sind bis 2006 Mitglied als Bezirksverband der Vereinigung bayerischer Volkstrachtenvereine links der Donau e. V. gewesen. Seit dem 24. September 2006 sind wir ein eigener Gau im Bayerischen Trachtenverband e.V.<\/p>\n<p>Unser Gau z\u00e4hlt ca. 3.000 erwachsene und ca. 1.000 jugendliche Mitglieder in rd. 30 Vereinen. Die Trachtlerinnen und Trachtler\u00a0Unterfrankens pflegen mit Stolz die \u00fcberlieferten Volkstrachten aber auch Gebirgstrachten und pflegen den fr\u00e4nkischen Volkstanz. Einige Vereine sind au\u00dferdem stark engagiert beim Mundart- und Laienspiel. Etwas ganz besonders in Unterfranken sind auch die Kirchweihen, die mit Musik und Tanz ins Brauchtumsjahr geh\u00f6ren.<\/p>\n<p>Unsere Sachgebietsvertreter (Volkstanz, Tracht, Jugend, Mundart-Laienspiel-Brauchtum) stehen den Trachtler\/innen f\u00fcr alle Fachfragen zur Verf\u00fcgung und halten j\u00e4hrlich mindestens eine Schulung f\u00fcr die Vereine ab.<\/p>\n<p><strong>Zentrale Veranstaltungen unseres Verbandes sind<\/strong><\/p>\n<ul>\n<li><a href=\"https:\/\/www.trachtenverband-unterfranken.de\/?page_id=2976\">Das Gautrachtenfest<\/a><\/li>\n<li>Die unterfr\u00e4nkischen Heimatkulturtage<\/li>\n<li>Der Gaujugendtanznachmittag<\/li>\n<\/ul>\n<p><strong>Unser Wahlspruch:<br \/>\n<\/strong>Treu dem guten alten Brauch<\/p>\n","protected":false},"excerpt":{"rendered":"<p>Wir sind der 22. Gauverband im Bayerischen Trachtenverband e. V. Gegr\u00fcndet wurden wir 1947 und sind bis 2006 Mitglied als Bezirksverband der Vereinigung bayerischer Volkstrachtenvereine links der Donau e. V. gewesen. Seit dem 24. September 2006 sind wir ein eigener Gau im Bayerischen Trachtenverband e.V. Unser Gau z\u00e4hlt ca. 3.000 erwachsene und ca. 1.000 jugendliche &hellip; <a href=\"https:\/\/www.trachtenverband-unterfranken.de\/?page_id=660\" class=\"more-link\"><span class=\"screen-reader-text\">Unser Gau<\/span> weiterlesen<\/a><\/p>\n","protected":false},"author":1,"featured_media":0,"parent":0,"menu_order":1,"comment_status":"closed","ping_status":"closed","template":"","meta":{"footnotes":""},"_links":{"self":[{"href":"https:\/\/www.trachtenverband-unterfranken.de\/index.php?rest_route=\/wp\/v2\/pages\/660"}],"collection":[{"href":"https:\/\/www.trachtenverband-unterfranken.de\/index.php?rest_route=\/wp\/v2\/pages"}],"about":[{"href":"https:\/\/www.trachtenverband-unterfranken.de\/index.php?rest_route=\/wp\/v2\/types\/page"}],"author":[{"embeddable":true,"href":"https:\/\/www.trachtenverband-unterfranken.de\/index.php?rest_route=\/wp\/v2\/users\/1"}],"replies":[{"embeddable":true,"href":"https:\/\/www.trachtenverband-unterfranken.de\/index.php?rest_route=%2Fwp%2Fv2%2Fcomments&post=660"}],"version-history":[{"count":24,"href":"https:\/\/www.trachtenverband-unterfranken.de\/index.php?rest_route=\/wp\/v2\/pages\/660\/revisions"}],"predecessor-version":[{"id":5118,"href":"https:\/\/www.trachtenverband-unterfranken.de\/index.php?rest_route=\/wp\/v2\/pages\/660\/revisions\/5118"}],"wp:attachment":[{"href":"https:\/\/www.trachtenverband-unterfranken.de\/index.php?rest_route=%2Fwp%2Fv2%2Fmedia&parent=660"}],"curies":[{"name":"wp","href":"https:\/\/api.w.org\/{rel}","templated":true}]}}